331. Let m be k(-8). Calculate the greatest common factor of 195 and m.
39
Let z be (-24)/(2 + 1*-3). Suppose 2025*r - 1986*r = 2808. Calculate the highest common divisor of r and z.
24
Suppose -368 - 577 = -9*j. Suppose 0 = 6*x - j - 3. Suppose -54*d = -56*d + 576. Calculate the highest common factor of d and x.
18
Suppose 24*s - 4*s - s - 1463 = 0. What is the greatest common factor of 175 and s?
7
Suppose -7*k + 6*k + 10 = 0. Suppose 3999 = -8*o + 6159. What is the highest common divisor of o and k?
10
Suppose 2*i - 262 = 4*o, -9 = -3*i + 6. Let x = 55 + o. Let q = x + 26. Calculate the greatest common factor of q and 72.
18
Let l(i) = 2*i**3 + i**2 - 15*i + 15. Let g be l(4). Calculate the greatest common factor of g and 1188.
99
Suppose -3*p = k - 773, -21*k - 247 = -p - 24*k. What is the greatest common factor of p and 161?
7
Suppose 29*d - 855 = -16*d. Suppose -d*v + 16*v + 864 = 0. What is the highest common factor of v and 32?
32
Let s(m) = -86*m - 1993. Let z be s(-91). Calculate the greatest common factor of z and 19.
19
Let z be -1*8*(-3)/(-6). Let d be (-25 - 1)*(10/z - -2). Suppose 16*n - d*n - 48 = 0. Calculate the highest common factor of 2 and n.
2
Let s(q) = -q**2 - 33*q - 227. Let i be s(-19). Let f = -8 - -21. Calculate the greatest common divisor of f and i.
13
Let k = 31779 + -31031. Calculate the highest common factor of k and 176.
44
Let q = 332 + -330. Suppose q*c - 126 = -4*c. What is the highest common factor of 7 and c?
7
Let l be (40/(-16) + 4)*(0 + 2). Suppose 0 = n + 3*a - 146, -l*n + 0*n = -5*a - 410. Calculate the greatest common factor of n and 56.
28
Let k = -671 + 956. Suppose p - 14 - 100 = 0. Calculate the greatest common factor of k and p.
57
Suppose 3*j + 461 = -4*w, 5*w - 2*j + 786 - 204 = 0. Let p = w + 196. Let x be (-4)/6 - p/(-12). What is the highest common divisor of x and 48?
6
Suppose -745 = -6460*x + 6458*x - 3*f, -f + 375 = x. What is the greatest common factor of x and 1406?
38
Let k = -465 + 467. Suppose -95 = -5*z + 5*i, -13 = -k*z - 2*i + 45. What is the greatest common divisor of z and 12?
12
Let x(r) = -r**2 - 41*r + 8943. Let g be x(75). Calculate the greatest common factor of 405 and g.
81
Let t = 3055 - 2880. Calculate the greatest common factor of t and 133.
7
Let w = -10145 + 11047. Calculate the highest common factor of 2050 and w.
82
Let c(f) = -67*f - 2300. Let n be c(-135). What is the greatest common factor of 285 and n?
95
Suppose -30 = -5*t, 63*t - 66*t = 5*r - 668. Calculate the greatest common divisor of r and 221.
13
Suppose 4*x + 3*a - 1001 = 0, 1193 = 3*x + 3*a + 446. What is the highest common factor of 2 and x?
2
Let d be 13157/354 + (-2)/12. What is the highest common factor of 925 and d?
37
Suppose 115*u = 2088 + 3777. Calculate the greatest common factor of 2159 and u.
17
Let a be 28/(-4) + (2 - -7). Let c be (a - -39) + 65/(-13). Suppose 0 = -3*u - 0*u + 12. What is the greatest common factor of c and u?
4
Suppose -11 = 2*v - 57. Let o be (v/7 + -3)*7. Suppose 2*q - s + 56 = 4*q, 0 = q + o*s - 34. What is the greatest common factor of 13 and q?
13
Suppose -176*r + 50 = -174*r. Suppose r*t = -184 + 559. What is the highest common divisor of t and 55?
5
Let r be 8 + (-57)/15 + (-2)/10. Suppose -r*p - 4*o + 48 = 0, -3*o - 52 = -4*p - 5*o. Calculate the highest common factor of p and 42.
14
Suppose 12*t - 2523 + 639 = 312. Calculate the highest common divisor of t and 3.
3
Let q = -35629 + 35671. What is the greatest common factor of 14798 and q?
14
Let f be (-12 + 11)*(-1 - -2)*-129. Let u(q) = q**3 + 7*q**2 + 7. Let r be u(-6). Calculate the highest common factor of f and r.
43
Let p = -223 - -234. Let y = -4 - -5. Let k be y + 10 + (2 - 2). What is the greatest common divisor of k and p?
11
Suppose -5*a = 5*v - 88245, 4*v - 3*a - 15506 - 55097 = 0. Calculate the greatest common factor of v and 100.
50
Suppose 1048*v + 56 = 1076*v. Calculate the highest common divisor of 2136 and v.
2
Let s(v) = -30*v - 960. Let z be s(-34). What is the highest common factor of z and 1220?
20
Let h(s) = s**3 + 10*s**2 + 11*s + 2. Let u be h(-10). Let i be ((-112)/48)/(2/u). What is the highest common factor of 21 and i?
21
Suppose 22*f - 24*f = 4*o - 514, 4*f = 20. Calculate the greatest common factor of 144 and o.
18
Suppose -4*o - 10 = -6*o. Suppose 2*a = -o*y - 8, -2*y + 25 = -4*a + 9. Let m be -3*((-4)/3 - y). Calculate the highest common factor of m and 32.
4
Let h be (-4)/((-45)/25 + 1) + 3. Suppose h*k = -14*k + 6578. What is the highest common factor of 39 and k?
13
Let x = 4543 - 3498. What is the greatest common divisor of 2717 and x?
209
Let f be (-219)/(-4) - (-1)/4. Let d(z) = -127*z - 625. Let r be d(-5). Let k = f - r. Calculate the highest common divisor of k and 9.
9
Let v be 246/1886 - 7808/(-92). Calculate the highest common divisor of v and 238.
17
Suppose -19*b - 43 + 518 = 0. Suppose -125 = 4*m - 9*m. What is the highest common divisor of b and m?
25
Let j = 30 - 9. Suppose -5*p - 4*q + 2800 = 381, -3*p - 2*q = -1451. What is the highest common divisor of p and j?
21
Suppose 0 + 15 = 3*r. Suppose 215 + 25 = r*o. Suppose -23*v + 310 = -646 - 148. Calculate the greatest common divisor of o and v.
48
Let y = 7373 - 1145. What is the highest common divisor of 24 and y?
12
Let v be 130/(-52)*16/50 - 2179/(-5). What is the highest common factor of v and 3?
3
Let x = -1050119 + 1050137. Suppose 4*g = 5*a - 562, 0 = -3*a + 4*a + 3*g - 120. What is the greatest common factor of x and a?
6
Let p(s) = 61*s - 14. Let l be p(2). Suppose -5*n + 38 + 12 = 0. Suppose -14*y + 48 = -n*y. Calculate the highest common factor of y and l.
12
Let r(n) = 11*n - 194. Let z be r(18). Let k be z/(-4) + ((-36)/4)/(-1). What is the highest common divisor of 64 and k?
8
Suppose -4*g + 4*u = -608, -4*g - 7*u + 580 = -4*u. Let q = g - 145. What is the greatest common divisor of 33 and q?
3
Let z(n) = -n**2 + 11*n - 1. Let s be z(10). Let r(p) = 8*p - 32. Let l be r(5). Suppose -l*g + 3 = -21. What is the greatest common factor of s and g?
3
Let r be (-1398)/8*-4*(-13)/(-39). Suppose -232*v + r*v = 528. Calculate the greatest common factor of v and 12.
12
Let p(k) be the third derivative of 14*k**4/3 + 23*k**3/6 + 16*k**2. Let s be p(-3). Let x = 574 + s. Calculate the highest common divisor of 29 and x.
29
Suppose -140 + 62 = -13*n. Let j be (-1 + -47)*n/(-12). What is the highest common divisor of 6 and j?
6
Let z = -63 + -15. Let w be ((-138)/(-5))/(z/(-520)). Calculate the greatest common factor of w and 46.
46
Suppose 15 = 3*f, 6*j + 3*f - 20 = j. Let l be j/3*(-5 + -1 + 3). Let t be 0/(-1) + (79 - l)/2. What is the greatest common divisor of 280 and t?
40
Let d = -6 - -60. Let f be 729/(-2)*(3536/78)/(-34). What is the highest common divisor of f and d?
54
Let q be ((-16)/20*(0 + -30))/2. Suppose 6 = a - q. What is the greatest common factor of a and 72?
18
Let f = -24 - -64. Suppose -2*d + 4*y = -38, 2*y + 60 - 36 = 2*d. What is the highest common factor of f and d?
5
Let b be (-30)/(-55) - (-14814)/66. Calculate the highest common divisor of 50 and b.
25
Let j(r) = -2186*r + 1137. Let y be j(-3). What is the greatest common factor of 135 and y?
135
Let q = -395 + 400. Suppose -q*i - v = -4*v - 129, -4*v = 12. What is the highest common factor of i and 6?
6
Let k(q) = 468*q**3 - 6*q + 6. Let x be k(1). Let j be x/(-208)*12*-1. What is the highest common divisor of j and 63?
9
Let x(n) = 2*n**2 - 6*n + 2. Let o be x(3). Suppose -3*f = -4*l + o*f + 207, -3*l = -f - 158. Calculate the greatest common factor of l and 106.
53
Let y be (-228)/(-6)*(74/4 - -2). What is the highest common factor of 342 and y?
19
Let q be ((-1)/((-3)/207))/(((-399)/14)/(-19)). What is the highest common divisor of 5888 and q?
46
Let s = -74 + -78. Let u = s + 178. What is the greatest common factor of u and 39?
13
Let r = -19 + 72. Let v = r + -26. Let t be 28/(-8)*(0 + -54). Calculate the greatest common divisor of v and t.
27
Let g(j) = -2*j**2 + 10*j - 36. Suppose 43*x = 41*x + 16. Let z be g(x). Let i = z + 175. What is the highest common factor of i and 13?
13
Let j be 268/15 + 388/2910. What is the greatest common divisor of j and 138?
6
Let x(b) = -34*b**3 - 13*b**2 - 12*b - 4. Let s be x(-3). What is